80 + -5 + -44 + -57
-26
19 + (-22 - (-39 + 32 + 8 + -7))
3
Calculate ((1 - 6) + 4 - 11) + 26 - -30.
44
Evaluate 183 - 193 - (5 + 1 + 24).
-40
What is (29 - -81) + (1 - -8) + (48 - 60)?
107
-21 + -72 + (-168 - -154)
-107
Calculate -1 + -268 - (1347 - 1483).
-133
Evaluate 0 + -16 - (-3 - (-70 - -79)) - -9.
5
Evaluate -17 + 22 + -8 + -27 + 4.
-26
What is (49 - 30) + (-16 - 4)?
-1
(13 - 12) + (-61 - -45)
-15
Evaluate -74 - (-6 - (-9 - -26 - 11) - -7).
-69
What is the value of 20 - (-2 - -13 - (0 - -4)) - (119 - 2)?
-104
Calculate -1 + -5 - (0 - 6) - (5 - (-16 + -7)).
-28
Evaluate 14 + (0 - (37 + -28)).
5
Calculate 26 + -114 + 106 - -119.
137
What is the value of -22 + -12 + 43 + -1 + -16 + 11?
3
Evaluate -185 - -157 - -41 - (-2 + -122).
137
What is 35 + (12 - -3) + (-59 - -32) + 8?
31
What is 115 + -38 - (63 - -32)?
-18
What is (33 - 33) + -48 + (-6 + (-6 - -7) - -8)?
-45
Evaluate -38 + (0 + 21 - (784 - 765)).
-36
-28 - (-56 + 36 + 2) - (0 + 0)
-10
What is the value of 72 + -9 + -16 + -1 + 4?
50
What is the value of (210 - (343 - 28)) + -15 + -1?
-121
What is the value of 59 - (-81 - -135) - (-82 + -4)?
91
What is the value of -2 + 16 - (1076 + -1104)?
42
What is 68 + 4 + (-74 - -52)?
50
What is the value of -57 + -16 + -18 - (42 + -32)?
-101
Calculate 116 + 12 + (22 - 38) + 30.
142
What is the value of 1 + -14 + (662 - 690) - (24 + 1)?
-66
What is 10 + -1 + (-37 - (-12 - -6)) - 4?
-26
Evaluate 17 + ((-30 - 81) + 11 - -29).
-54
What is 53 + (-12 - (-77 - -48))?
70
What is 110 + (-119 - -11) + -98?
-96
What is (124 - 125) + (-6 + 6 + 4 - 2 - 5)?
-4
Calculate 2 - 75 - (596 + -631 + 40 + -3).
-75
What is -4 - ((74 + -74 - (0 + -2 - -61)) + -2)?
57
What is the value of 7 + -50 + -2 + 32 + -18?
-31
Evaluate 155 + -210 - (2 + -7 - (-2 + 0)).
-52
Calculate 24 + (-18 + 3 - (92 + -112)) - 15.
14
What is the value of 80 + (1 - -4) + (31 - 35 - 6)?
75
What is (9 + -7 - (-11 - -16 - -5)) + 26?
18
What is -260 - -161 - -85 - (-20 - (-1 + 1))?
6
What is 5 + (4 - (-53 + 14 + -3))?
51
What is the value of 16 + -24 + 13 - (4 - (-5 + 84))?
80
What is the value of (-1 - -64) + -1 + 1 + (656 - 670)?
49
Calculate (15 + (-15 - -32) - 23) + 0 + -17.
-8
Evaluate 114 - 52 - (62 - -22).
-22
52 - (-1 - (33 + -45))
41
Evaluate 17 + -8 + (4 - (11 + -23 + 3)).
22
What is (31 - (0 + 3)) + 10 + (-23 + 44 - 39)?
20
Evaluate (2 - -1 - -23) + (-690 - -696).
32
(5 - -1) + -11 + 58 + 7 - (26 + -15)
49
Evaluate -7 - ((0 - 1) + (-1 - (-84 - -16)) + 5).
-78
Evaluate (1 - -37) + (193 - 166 - (-4 - -33)).
36
Evaluate -8 + (-21 - -34) + -9 + 12 - 35.
-27
12 + 1 + (10 - (7 - (-1 + 9)))
24
-4 - -11 - ((-14 - -12) + -53)
62
What is -38 + 20 - -143 - 66?
59
(19 - 35) + (16 - 0 - 9)
-9
Calculate -4 - -38 - ((-1 - (1 + -8)) + -2).
30
Calculate -98 + -1 - (11927 + -12042).
16
-17 - (62 + -72 + -18)
11
What is the value of (34 - 64 - (-5 - 1)) + 28?
4
What is the value of -5 + (-6 - (9 + -8)) + 8?
-4
-1 + (2 - 10) - (28 + -41 - -17)
-13
What is the value of (8 - 5) + (-12 - (13 + -9)) - -29?
16
-33 + 12 + 8 - (-38 - -7)
18
What is the value of 25 + 66 + -31 + -25?
35
139 - (3 + 1 + (-40 - (-3 - 29)))
143
Calculate -7 + 19 + -30 - -63 - -2.
47
Evaluate -98 + 84 - ((-23 - -12) + 5 - -79).
-87
What is (-3 - -25 - 3) + -6 + -130 - -6?
-111
Evaluate (-8 - 6) + 45 + -28 + 5 - -9.
17
Evaluate 11 + (60 - (-2 + (22 - 0) - (85 - 74))).
62
What is the value of (-22 - -35 - (-27 - (-15 + -2))) + -13?
10
What is the value of -2 + (-52 - -31) + 26 + (-3 - 10)?
-10
Calculate 9 + 1 - ((1 - 1) + (28 - 29)).
11
(59 - 52) + (0 + -1 - 2) + 4 - 20
-12
What is -293 + 217 + (18 + -35 - -26)?
-67
Evaluate -4 + 18 + -338 + 305.
-19
162 + -161 + (28 - 1) - -23
51
What is the value of 14 + 10 + -7 + 14 + 6 + -16?
21
What is the value of (9 - (56 - 62 - (-2 + -7)) - 22) + -122?
-138
Calculate 52 + 2 + (5 - 3) + (3 - 3).
56
Evaluate 19 + -2 + 0 + (-2 + 35 - (-249 - -279)).
20
(0 - 84) + -9628 + 9675
-37
What is -102 + -16 + 78 + -30 + -16?
-86
What is (-10 + -30 - -48) + -25 + 41?
24
32 - (2 - (38 - 42))
26
What is the value of (-35 - (15 - 39) - (0 - 2)) + (2 - 10)?
-17
Evaluate (7 - (0 + 6 + (-41 - -77) + -37)) + -14.
-12
Calculate 487 - 498 - ((-9 - -5) + 5 + 61 + 0).
-73
Calculate -4 - (-75 + (66 - 51)).
56
Evaluate -21 - (0 + 8 - (-1116 + 1153 + 1 + -17)).
-8
15 - ((142 - 80) + 3)
-50
Calculate 4 - (-50 - (15 + -6)) - (9 - 2).
56
What is 24 - 42 - -64 - 34?
12
Calculate -40 - 22 - -17 - -73.
28
What is (19 + -7 - (-5 + 13) - 7) + 8?
5
What is -7 + (-17 - -6 - ((3 - 10) + 7 - 9))?
-9
Calculate (124 - 137) + 13 + -10.
-10
Evaluate -21 + 82 + -150 + -12.
-101
Evaluate (775 - 785) + -58 + 6 + (-8 - -4) + -3.
-69
(25 - -28 - 34) + -77 + 0
-58
Evaluate -8 - (73 - 57 - -9).
-33
-45 + (-19 + 3 - -12) - 4
-53
Calculate 78 - 0 - (0 + 0 + (-66 - -63) + 8).
73
Evaluate -71 + (-50 - 12 - -118).
-15
Evaluate 18 + -103 - (-1120 - -1080).
-45
What is the value of (-5 - (-1 - (-1 - -7))) + -1261 + 1334?
75
-1 - 0 - (58 - 114) - (1 - -6)
48
What is the value of (-7 + 1 + -2 - (-2735 - -2774)) + 0?
-47
20 + -60 - (16 - 46)
-10
(18 - (17 + -6)) + -21 + 78 + -26
38
What is the value of -45 + 13 - (4 + 2) - (0 + 16)?
-54
Evaluate -17 + 26 + 50 + -47.
12
-43 + (-28 - -33) - -48
10
What is the value of (-6 - (5 - (34 + 6 + -3 + 2))) + 3?
31
What is the value of (9 - 2) + (-6 - (5 - -5)) + -4?
-13
Calculate 11 - 6 - ((11 - 3) + 1) - (-17 - -16).
-3
What is -6005 + 6021 - (0 + -3)?
19
Calculate -896 + 920 + (3 - (5 + 2)).
20
Evaluate 27 - (-61 - (19 + -187)).
-80
Evaluate 17 - -11 - 26 - (48 - 12).
-34
-11 - ((-5 - -8) + (-5 - 17) - 38)
46
What is -4 + (2 - 15) + (-9 - 41)?
-67
What is 61 + -56 + (2 - (16 - 1))?
-8
What is (39 - 32) + (52 - 1 - (11 - 4 - 13))?
64
What is the value of -147 + (77 - -193) + -173?
-50
What is (12 - (11 - (10 - 26))) + 155 + 1?
141
What is the value of -19 + (19 - (1 - -6)) + 2 + -36?
-41
51 + 93 + -99 + 6
51
Calculate -96 + 28 - (-171 + 125).
-22
(-50 + 10 - -30) + -2
-12
What is -6 + (26 - 2) + -27 + 49?
40
What is 44 + (-59 - 4) + -16?
-35
-3 + -5 - (-11 + (-32 - (-15 - -17)) + -14)
51
What is (2 - -35) + 662 + -675?
24
Evaluate (0 + -1 - (87 - 80)) + 16 + -18.
-10
What is 64 + (-22 - 0) + -1828 + 1844?
58
Calculate -5 + (7 - 3 - -5 - (-40 - (0 + -6))).
38
Calculate 42 + (0 + 33 - (445 + -406)).
36
Calculate -41 + 21 - (-33 - -23).
-10
What is the value of (-32 - (-8 + 15)) + 30?
-9
(12 - 18 - 18 - -6) + (-3 - -3)
-18
What is -140 + (46 - 30 - -230)?
106
Evaluate (-38 - 3) + -128 + (120 - 30).
-79
What is (1 - 32) + (46 - 65) - (2 + -12)?
-40
Calculate (-1027 - -1032) + (1 + 2 - (-1 - -17)).
-8
4 + -15 - (51 - 76 - -18) - (0 - 37)
33
Calculate (-13 - -11) + (-3 - (-1 - 1)) - (295 + -365).
67
Calculate 18 - (-7 - (-34 - (-13 + -4))).
8
Calculate 42 + -19 + 382 + -365.
40
Evaluate -1 + -17 + -5249 + 5182.
-85
What is the value of (-75 - (55 + -128)) + 3 + 58?
59
Calculate -57 - (-2 - ((-9 - -5) + 7) - (-13 - -3)).
-62
-3 + -44 + (-20 - (-6 + 0 + -4 + -2))
-55
Calculate (0 - -19) + 31 + -3 + 4.
51
What is (-1 - 5 - (-205 - -187)) + (-11 - -1)?
2
What is the value of (-9 - 1) + (-74 - -80) + -8?
-12
Calculate (10 - (-21 - (-26 + 14)) - 4) + -54.
-39
What is 108 - (-38 - (118 - 188))?
76
Calculate 30 + (-8 - (15 - 40)) + -24 - 7.
16
Evaluate (3 - -1) + (-22 - 25) - (1379 + -1391).
-31
Calculate (-4 - -11 - 5) + (114 - (6 - 16) - 22).
104
Evaluate 21 + (-18 + 24 - (-13 + 0) - (-25 - -38)).
27
What is (-5 - 8) + (-15 - (-86 + 10 - 12))?
60
What is the value of 44 - 11 - 62 - -78?
49
Evaluate (18 - (14 - -10) - (0 - 12)) + (280 - 213).
73
Calculate 112 + -5 + -74 + 29.
62
Evaluate 138 - 83 - (47 - 0).
8
Evaluate -19 - (52 - 35) - 75.
-111
Evaluate 1 - (0 - -61) - ((1557 - 1592) + 39 + -7).
-57
(3 - -62 - 69) + (-2 + 1 - 20) - 10
-35
Calculate 27 + 12 - (42 - 25) - -71.
93
(0 - -212 - 228) + -1 + 93
76
63 + (-63 - (-21 - -90))
-69
(-1 - 24 - 2) + (14 - (-18 - 23 - -53))
-25
-18 - -7 - (40 + (9 + -6 - 6) + -8)
-40
Calculate 4 + 3 + (-7 - 5) + -10.
-15
Evaluate 55 - -6 - 43 - 5.
13
Calculate 27 - (-67 + 56 + 35).
3
Calculate 0 + 15 + (-31 - (-93 + 61)) - (-1 + 14).
3
31 + (-151 + -6 - (-1 - 28))
-97
Evaluate (17 + -16 - -25) + -7 + 7 + 2.
28
Evaluate -45 - (124 - (115 - -70)).
16
Calculate (4 - 2) + (4 - (-7 - -11) - (0 